2268?
2273
In base 5, what is -2 + -304?
-311
In base 16, what is -1124c + 0?
-1124c
In base 14, what is 1 + 23?
24
In base 10, what is -43 + 13?
-30
In base 9, what is 675 - 38?
636
In base 13, what is 202 + -23?
1ac
In base 14, what is 0 - 37c6?
-37c6
In base 15, what is 1 - 32?
-31
In base 12, what is 10a - 1?
109
In base 13, what is -5 + 33c?
337
In base 11, what is -901 + -1?
-902
In base 2, what is -1101001 + -101?
-1101110
In base 10, what is 1 + 964?
965
In base 5, what is 100 + 41?
141
In base 4, what is 21 + 12021?
12102
In base 13, what is -24c9 + 5?
-24c4
In base 13, what is -1 + -377?
-378
In base 7, what is 151 + -65?
53
In base 14, what is c + -3a?
-2c
In base 7, what is -24 - 564?
-621
In base 10, what is 3 - -74?
77
In base 8, what is -55 + 5?
-50
In base 11, what is 1359 + 0?
1359
In base 8, what is -37 - 5?
-44
In base 6, what is 3 + 311?
314
In base 4, what is -12 - 2031?
-2103
In base 4, what is -3120120 + 11?
-3120103
In base 10, what is 51 - -5?
56
In base 5, what is 1230 - 2?
1223
In base 6, what is 30 + -1045?
-1015
In base 14, what is 10 - -a5?
b5
In base 3, what is 1111021 - 2?
1111012
In base 12, what is -448 - -1?
-447
In base 9, what is -110 - -204?
84
In base 3, what is -10 - 2001?
-2011
In base 6, what is 331 - -2?
333
In base 7, what is 1220 + 40?
1260
In base 10, what is -74 - -21?
-53
In base 8, what is 10402 - -2?
10404
In base 11, what is -3 + 15?
12
In base 13, what is 0 + 52c?
52c
In base 6, what is -1 + 23?
22
In base 3, what is 20 + -10?
10
In base 6, what is -4053 + 2?
-4051
In base 15, what is 1 + 2a?
2b
In base 3, what is 11 + -1222?
-1211
In base 14, what is 18 - 6?
12
In base 6, what is 4 + 12314?
12322
In base 16, what is 11 - -11f?
130
In base 13, what is -a + 1c?
12
In base 10, what is -7 - -33?
26
In base 5, what is 1 - -22404?
22410
In base 14, what is d5 + 0?
d5
In base 4, what is 10 - -332?
1002
In base 9, what is 231 - 12?
218
In base 15, what is 1 + -6d7?
-6d6
In base 16, what is 9 + 90?
99
In base 12, what is -389 - -1b?
-36a
In base 14, what is -bd - -1?
-bc
In base 2, what is 111 - 101?
10
In base 4, what is 203 - 12?
131
In base 16, what is -2 + 519?
517
In base 4, what is -100 - 131?
-231
In base 5, what is 20244 - 1?
20243
In base 3, what is 20110 - -22002?
112112
In base 3, what is -111101 - 0?
-111101
In base 13, what is -5 - -11?
9
In base 10, what is 9 + 17?
26
In base 11, what is -5 - -3729?
3724
In base 3, what is 12 + -200112?
-200100
In base 11, what is -1 - 84?
-85
In base 3, what is 21202 + -10?
21122
In base 5, what is 31030 + -3?
31022
In base 10, what is 5 + 195?
200
In base 16, what is 0 - -a67?
a67
In base 8, what is 5 + 134?
141
In base 3, what is 0 - 10002?
-10002
In base 11, what is 877 + -1?
876
In base 7, what is 21 - -341?
362
In base 15, what is -1 + 65?
64
In base 7, what is 12 - -32?
44
In base 14, what is -20 - 2?
-22
In base 14, what is -5 + 1a?
15
In base 12, what is -b0 + 27?
-85
In base 3, what is 10 - -101?
111
In base 6, what is 5 - -21?
30
In base 7, what is -225042 + 4?
-225035
In base 16, what is 35f - -1a?
379
In base 6, what is -25 - -240?
211
In base 3, what is -12 - -10220?
10201
In base 8, what is -26 - -14?
-12
In base 5, what is -1 + -113?
-114
In base 7, what is -424 + -132?
-556
In base 6, what is 215 + 15?
234
In base 6, what is 135 + 2?
141
In base 12, what is 5 + -92?
-89
In base 13, what is -1aa - 5?
-1b2
In base 5, what is -21 - 242?
-313
In base 9, what is -1540 + -17?
-1557
In base 11, what is -16 - -90?
75
In base 4, what is 2 - -3123?
3131
In base 2, what is -11011 + 10011010?
1111111
In base 13, what is -a - 51?
-5b
In base 8, what is -147 + -15?
-164
In base 6, what is 15 - -455?
514
In base 7, what is 330 - -4?
334
In base 14, what is 60a + 2?
60c
In base 3, what is 102 - -22?
201
In base 7, what is 201 + -50?
121
In base 5, what is 10 + -113130?
-113120
In base 6, what is -22033 + 4?
-22025
In base 4, what is 102200 + -1?
102133
In base 13, what is a1 + 1?
a2
In base 11, what is 5 + 63?
68
In base 10, what is -3 + 299?
296
In base 12, what is -133 - 2?
-135
In base 15, what is 8d - 0?
8d
In base 4, what is 110202 - 1?
110201
In base 6, what is 530011 + -2?
530005
In base 10, what is -6 - 194?
-200
In base 8, what is 2 + 4747?
4751
In base 15, what is 12 - -11?
23
In base 4, what is 10 + -113333?
-113323
In base 5, what is 101333 - 4?
101324
In base 10, what is -194 + 1?
-193
In base 11, what is 2 + -143?
-141
In base 16, what is 22 + -6?
1c
In base 16, what is 1 + 5d?
5e
In base 14, what is -16 - -7?
-d
In base 14, what is 4 + -315?
-311
In base 3, what is 101 + -11112?
-11011
In base 2, what is 1000 - -10001100?
10010100
In base 7, what is -10 + -10?
-20
In base 5, what is 143141 - -1?
143142
In base 11, what is 393 + 12?
3a5
In base 12, what is 249 - 3?
246
In base 3, what is 20 - -21220?
22010
In base 5, what is 30 + 3?
33
In base 12, what is 51 - -1?
52
In base 11, what is -6 + -9?
-14
In base 13, what is -5 - -1758?
1753
In base 7, what is 54 + -363?
-306
In base 7, what is 15132 + 5?
15140
In base 10, what is -6 + 655?
649
In base 10, what is -1198 + 2?
-1196
In base 16, what is 5f + 20?
7f
In base 4, what is -101221 - 2?
-101223
In base 13, what is 11 + -a9?
-98
In base 2, what is 1 - -111110?
111111
In base 12, what is 64 - -18?
80
In base 11, what is -3058 + -5?
-3062
In base 8, what is -5 - 51?
-56
In base 12, what is -7 + 115?
10a
In base 6, what is -12 - -52?
40
In base 11, what is -4 + 118?
114
In base 7, what is 125 + 6?
134
In base 16, what is -1 - 273?
-274
In base 7, what is 15 - -5?
23
In base 14, what is 46 + -3?
43
In base 8, what is -3 + -145?
-150
In base 16, what is 73 + 36?
a9
In base 9, what is -1712 - -3?
-1708
In base 9, what is -8 + -2?
-11
In base 12, what is -1 - 13?
-14
In base 7, what is -2 - 65?
-100
In base 6, what is 14 - -34?
52
In base 13, what is 5 + 9?
11
In base 12, what is -148 - -1?
-147
In base 10, what is 82 - 27?
55
In base 3, what is -20 - -1111?
1021
In base 12, what is 6b + -25?
46
In base 7, what is 35565 + 5?
35603
In base 6, what is 1423 + 0?
1423
In base 3, what is 12101 - -1001?
20102
In base 7, what is 1 - 40?
-36
In base 13, what is 1 - 28?
-27
In base 5, what is 22 - 1413?
-1341
In base 4, what is -123 + 211?
22
In base 10, what is 373 + -6?
367
In base 7, what is -3 + -126?
-132
In base 12, what is -44 + 5?
-3b
In base 2, what is 1010011100 + 10?
1010011110
In base 13, what is 330 - 5?
328
In base 13, what is a67 + -4?
a63
In base 10, what is 2330 - -3?
2333
In base 5, what is -2 + 212?
210
In base 9, what is -10 + 82?
72
In base 4, what is -1 - 300?
-301
In base 11, what is 2 + 371?
373
In base 11, what is -517 + 6?
-511
In base 8, what is -350 + -3?
-353
In base 14, what is -3 + 80c?
809
In base 3, what is -12 + 2120020?
2120001
In base 10, what is -1 - -118?
117
In base 14, what is 20 - -2?
22
In base 12, what is 0 - -60?
60
In base 13, what is -76 - -6?
-70
In base 16, what is -3 + 29?
26
In base 7, what is 3 - -62?
65
In base 13, what is -b + 23?
15
In base 10, what is -8 + -57?
-65
In base 12, what is -5 - -2963?
295a
In base 5, what is 11 + 2?
13
In base 10, what is 18 + 18?
36
In base 3, what is 11022 + -210?
10112
In base 11, what is 196 + -1?
195
In base 13, what is 48 + -17?
31
In base 14, what is 8b + 4?
91
In base 12, what is 205 - 13?
1b2
In base 6, what is -5 - -1211?
1202
In base 6, what is 1303 + -2?
1301
In base 8, what is 5 - 116?
-111
In base 15, what is 22 + -25?
-3
In base 13, what is -4 - -1ab?
1a7
In base 12, what is 68 - -20?
88
In base 6, what is -5 + -4012?
-4021
In base 2, what is 0 - -101011100000?
101011100000
In base 13, what is -3 - 280?
-283
In base 5, what is 32 - 30?
2
In base 10, what is -5 - 3729?
-3734
In base 4, what is -2 + 21?
13
In base 8, what is -374 - -2?
-372
In base 8, what is -33 - 415?
-450
In base 5, what is -10424 + -10?
-10434
In base 15, what is 137 - 0?
137
In base 7, what is -25 - 13?
-41
In base 13, what is 0 - 183b?
-183b
In base 5, what is 1 + 1114?
1120
In base 6, what is -1 - 4?
-5
In base 13, what is -2 + -a?
-c
In base 12, what is -1b0 - 3?
-1b3
In base 13, what is -4 + 33c?
338
In base 10, what is -12718 + 5?
-12713
In base 9, what is 65 - -4?
70
In base 9, what is 15 + -20?
-4
In base 14, what is -7c + -4